238 - 216) + -6 + 1.
29
40 - (13 + -47 + -6 + -11)
91
Calculate (-2 - (-99 - -5 - -3)) + 3 + 34 + -36.
90
What is -4 + (9 - (-11 + -16) - 23)?
9
-1 - 51 - (9411 - 9386)
-77
What is -102 - (-15 - 134 - -10)?
37
What is -17 - (116 + (-158 - -60))?
-35
8 - (8 + -4 + (-2 - 4)) - 37
-27
34 + -3 + ((-6 - 2) + 25 - 30)
18
Calculate -53 - -56 - 21 - -9.
-9
Calculate -3 - ((48 - 30) + -37 - (0 + -13 - -1)).
4
What is -37 - (-96 + 4 - 14)?
69
What is 22 - (5 + 11 + 14) - -40?
32
(10 - -12) + (-18 - -7) + -8 + -1
2
Calculate (-1 + 3 + -2 - ((0 - 38) + 40)) + -62.
-64
What is -29 - ((-30 - -30) + -60)?
31
Calculate -2 + (-260 - -144 - (-3 + 4)) + 1 + -10.
-128
Evaluate -32 + (12 - -1) + 41 + -31.
-9
Evaluate 11 - (-11 + 14 + 8 + -4 + -23 + 73).
-46
What is the value of 132 - 103 - (13 - -123)?
-107
Calculate -1 - (68 + -114) - (3 + -31).
73
-34 - -14 - (-11 - -5 - (4 + -23 + 3))
-30
What is the value of 36 + -9 + (4 - -9) + -6 + -11 + 10?
33
Calculate -3 + (-14 - (8 - 14)) - -6 - (-2 + -14).
11
Calculate 15 + (0 + -10 - (70 + -68)) - 52.
-49
What is -3 + (7 - -1 - 18) + 4 + -3?
-12
(8 + -9 + -4 - -5 - (8 - -1)) + -34
-43
What is 82 + -69 + -64 - (18 - 0)?
-69
What is the value of -1 + 9 - (-150 - -157 - (4 - 1)) - 31?
-27
Calculate -11 - (1 + -1 + -16 - (40 - (18 + 28))).
-1
What is (11 - (25 + -72)) + 22?
80
What is 93 + -164 + 32 - 42?
-81
What is the value of -3 + (-9 + 6 - -10) + -11 + 0 + -29?
-36
(-195 - -229) + (0 - -4)
38
Evaluate (-14 - -118) + -12 + 12 + -24 + -10 + 28.
98
91 - (-79 + 312 + -74)
-68
What is 46 - (162 + -72) - -93?
49
What is the value of (81 + -92 - -62) + -57?
-6
Calculate (75 - 34) + (9 - 85).
-35
Evaluate -31 + 6 + (46 - 26) - (55 - -3).
-63
What is the value of -50 - (2 - (-47 + 74))?
-25
Evaluate 85 - 102 - (-12 + 2 + -11 - -4).
0
Calculate (-54 - (-1 + 3)) + 0 + (15294 - 15278).
-40
What is (-53 + 2 - (29 + (-41 - 3))) + -15?
-51
Calculate 89 + (-55 - (-6 - -8)).
32
What is 18 + (-23 - (5 - 23)) + (-3 - 1)?
9
What is (14 + -26 + 1 + -3 - -9) + 12?
7
What is the value of (12 - 50) + 65 - -16?
43
What is the value of 46 - (-13 + -10 + 32)?
37
What is (-5 - (-6 + 6 + 1 + -5)) + 1?
0
Evaluate 31 - (-5 + 20) - -5 - 16.
5
Calculate 87 - ((92 - 43) + 142).
-104
What is the value of (-32 - 1) + (-1586 - -1627)?
8
-7 - -4 - (33 + -32 - -22)
-26
What is -27 + (1 - -37 - 119)?
-108
What is -52 + -38 + -9 + 78?
-21
What is (55 + -49 - (25 + -4)) + 0 + 4 + -61?
-72
14 - (14 + -5 + 8) - (-7 - (9 + -104))
-91
What is the value of 27 + (-36 - (13 + -7)) + -26?
-41
Evaluate 5 - (26 + -73 + 8 + 74).
-30
Evaluate 49 + (1 - 12 - (4 + (-19 - -12))).
41
Evaluate (60 + -53 - -37) + -44.
0
31 + (-36 - (-34 - 4))
33
Calculate 1 - ((-6 + -17 + 11 - -6) + -4 + 11).
0
Calculate -7 + 1 + -30 + 2 + (2 - 3) - -6.
-29
7 + (-40 - -42) + (-6 - 6) + 7
4
What is -24 + 1 + -83 + (-1120 - -1118)?
-108
10 - (-94 - (-12 + -10 + 15 + (4 - 4)))
97
-148 + -1 - ((-49 + 31 - -15) + (-4 - 1))
-141
(33 - 1) + -61 + (-5 - -1)
-33
19 + -1 - (2205 + -2174)
-13
-69 + 103 + -21 - (2 + (5 - -103) + 4)
-101
31 - (10 - (-2 + 2) - (8 - 46 - -44))
27
Calculate 8 - ((-498 - -474) + -1 + 10).
23
-7 - (-1 + 8 - (18 + 0 + (-64 - -52)))
-8
(105 - 113) + -3 + 0 + -2 - -12
-1
Evaluate 44 + (24 - 42 - 20).
6
1 - 79 - (-2 - (1 - 8) - 21)
-62
What is 77 - (-149 - -66 - -87)?
73
What is the value of -37 + -85 + 64 + -5 + 10 + 33?
-20
What is -1 + -8 - (355 + -386) - (13 - 0)?
9
What is the value of -23 + (158 - 85) + -91?
-41
What is the value of -2 - (60 - (-5 - -11) - (-9 + 17 + 1))?
-47
Calculate 66 + (-40 + 77 - 18) + 20.
105
-16 + -14 + 387 + -303
54
What is (268 - 343) + 4 + -4?
-75
What is the value of -4 + -7 - (46 + -4 - 65)?
12
What is 44 + -8 + -19 + -84 + 11 + -19?
-75
Calculate 15 - (12 - (41 - 12)).
32
What is (31 - (-20 + 30)) + -34 - -91?
78
Evaluate (0 - -2) + -25 + (-42 - -55) - 9.
-19
Evaluate 11 - (2 + 10 + -20 - (-2 - 7 - -17)).
27
What is the value of -33 + 2 + 51 + (25 - 3)?
42
-15 + (15 - 32 - -44) - (-2 - -1 - 30)
43
What is 0 + -31 - (16 - 41)?
-6
What is -8 + (10 - (13 - -18)) + (-5 - -2)?
-32
What is the value of 2157 + -2192 - (-4 - 80 - -3)?
46
Evaluate 5 + 15 + (4 - (-12 + -8 + 17)) + -4.
23
Calculate -10 + (-12 + -5 + 25 - -31).
29
What is the value of 11 + -13 + (4 - -6) + (35 - 27)?
16
What is the value of -179 - (68 - 69) - -85?
-93
1 + 2 + -1 + -86 + (921 - 925)
-88
What is the value of 9 + -1 + -1 - (-10 + 16 + -5 + 21)?
-15
(-1 - -2 - (0 + -4) - 2) + -17 - -6
-8
12 - ((4 - -9) + 0 + (16 - -17))
-34
Evaluate -8 + 9 + -8 + 55 + (-15 + 6 - 1).
38
What is the value of (13 - (31 + -12 - 57)) + 5 - -16?
72
Calculate 4480 - 4627 - (0 - 73).
-74
What is -16 - (13 + 13 + -8 + -12 + 29)?
-51
Calculate 49 + -41 - (7 + -2 - (8 - 9)) - -7.
9
Calculate (3 - -51) + -5 + (-638 - -675).
86
Calculate 29 + -14 - 19 - (-2 + (8 - 1) + 55).
-64
-40 + (-123 - (-49 - 77))
-37
(24 - 43) + 1 - (-3 - -13)
-28
-2 + 16 - (-142 + 193)
-37
What is 101 + -257 + 108 + -58?
-106
What is the value of 36 + -68 + (-72 - -129)?
25
Evaluate -37 + (7 + 28 - -3) + -13 + 0.
-12
-5 - (5 + (17 - 9) + -6 + -10)
-2
-2 + -15 + (-269 - -295) + (0 - -33)
42
What is (4 - (5 - 131)) + (-24 - -21) - (-57 - -52)?
132
-216 - (18 + -85) - -101
-48
Calculate -2 + -1 + -22 + 225 + -214 + 1 + -43.
-56
What is the value of 23 - (4 - 3) - ((20 - 22) + -9 + 6)?
27
(127 - 37) + -17 + 56 + -4
125
What is (-70 - -72) + 19 + 6 + -1 - (-2 - -1)?
27
What is the value of (167 - 94) + (0 - -2)?
75
What is the value of (-16 - (9 + -14)) + 21 + -42?
-32
Evaluate -7 + (-10 - (3 + -1)) + (895 - 873).
3
Calculate 1 + -15 + (-18 - (-37 - (-10 + -10))).
-15
Calculate -3 - 12 - -50 - (-8 + 72).
-29
What is -16 + -5 - -3 - (341 + -291)?
-68
Calculate -101 + 3 - (448 - 461).
-85
What is the value of (-99 + 49 - -85) + 8?
43
Evaluate (-2 - ((5 - -5) + -26) - 9) + 3 + -56.
-48
163 + (54 - (99 - -11))
107
Evaluate -43 - (1 - 28) - (4 + -8 + -29).
17
Calculate 95 + -63 + -36 + -1 - (-1 - 0 - 1).
-3
Evaluate 7 - 9 - (8 + -15 + 8 + -11).
8
What is the value of (8 - 0 - (-35 + 29)) + 21?
35
What is (7 - 11 - -16) + -51 + -9 + -4 + -6?
-58
Calculate (31 + 3 - (80 + -64)) + -47.
-29
Calculate -17 - 32 - (-10 + -84).
45
(-4 - (17 - 11 - -12) - -12) + -28
-38
18 + 28 + -14 - 6 - -9
35
Evaluate -27 - ((-1 - -12 - ((-27 - -30) + 3)) + -2).
-30
(-2 + 0 - ((-3 - 30) + 45)) + 22 - -85
93
Evaluate -155 - -167 - (-50 - (-12 + 6)).
56
What is 5 - ((-874 - -852) + 1 + 9)?
17
Calculate 21 + (39 - 3) + 34 + -39 - -8.
60
Calculate 17 + -85 + -2 + 22 + (-1 - -15).
-34
Calculate 73 + -152 + 31 - 7.
-55
Calculate -34 - (5 + (3 + (-7 - 6) - -5) + -3).
-31
48 + (-13 - 0 - (-80 + (-20 - -74)) - 19)
42
What is the value of (17 - (39 + (-44 - -19))) + -2?
1
What is 11 - (-9 - -120) - (-12 + 26 + -25)?
-89
What is (59 - 61) + 19 + 13?
30
What is -66 + (126 - 70) + -6?
-16
Evaluate (-311 - -256) + 122 + -4.
63
What is (7 + -9 - (17 + -24)) + 0 + 14?
19
Evaluate (-129 - -141) + (7 - 4 - (14 + -4)).
5
What is the value of 52 + 1 + (-8 - 17 - (9 - 23))?
42
Calculate (-2 + 18 - ((-2 - 18 - -49) + -19)) + 11.
17
Calculate 12 + 127 + -158 + (-2 - -20).
-1
What is 15 + -15 - (9 + (-1 + -10 - -22))?
-20
What is the value of 58 - (35 + -60 + -6 + 38)?
51
What is the value of -24 + 12 - -29 - (1 - -1)?
15
What is -25 - (21 - -16) - (0 + 1)?
-63
What is the value of (1 - -34 - -13) + (8 - 0)?
56
Calculate -159 + 256 - (-48 + 104).
41
83 + -115 + 44 + -25
-13
Calculate -25 - (0 + (1 - -2) + (-16 + 8 - 2)).
-18
What is the value of (-6 + -35 - -30) + 31?
20
-15 + (-44 - (-48 + 2))
-13
What is -157 + 23 + 121 - (-1 + -1 + 32)?
-43
-24 + 36 + -65 + -18 + -2 - -13
-60
Calculate 25 + (34 - 61) + (78 - 9).
67
95 + -104 - (42 + -2)
-49
What is the value of -280 + 327 - (36 + -2) - (-14 + 1)?
26
Calculate 10 + (-29 - ((-6 - 0 - -6) + 7 + 0)).
-26
14 + 31 - (128 + -103)
20
Evaluate 20 + 29 - (-44 - -34).
59
50 + 85 + -144 + 94
85
Evaluate (-30 - (5 - (3 + (-10 - -8)))) + -15.
-49
What is the value of 21 + -22 + -3 + 1 + (20 - 77)?
-60
Evaluate (13 - -10) + -55 - -48.
16
Calculate (18 - -117) + -100 - -40.
75
-8 - (-1 - -3) - (364 - 342)
-32
What is the value of (53 - 13) + 48 + -53 + 17?
52
What is the value of 26 + 6 - (105 - 123)?
50
What is the value of (1 - 0) + (-285 - -33